{"id":46,"date":"2025-06-02T19:33:14","date_gmt":"2025-06-02T17:33:14","guid":{"rendered":"http:\/\/strzelnicapostomino.pl\/?page_id=46"},"modified":"2025-06-04T17:48:08","modified_gmt":"2025-06-04T15:48:08","slug":"towarzystwo-strzeleckie-postomino","status":"publish","type":"page","link":"https:\/\/strzelnicapostomino.pl\/?page_id=46","title":{"rendered":"Towarzystwo Strzeleckie Postomino"},"content":{"rendered":"\n<p>Towarzystwo Strzeleckie Postomino to aktywna spo\u0142eczno\u015b\u0107 mi\u0142o\u015bnik\u00f3w strzelectwa sportowego i rekreacyjnego. Naszym celem jest rozw\u00f3j kultury strzeleckiej, budowanie \u015bwiadomo\u015bci w zakresie bezpiecze\u0144stwa oraz wspieranie wszystkich, kt\u00f3rzy chc\u0105 doskonali\u0107 swoje umiej\u0119tno\u015bci strzeleckie \u2013 niezale\u017cnie od poziomu zaawansowania.<\/p>\n\n\n\n<div class=\"wp-block-columns alignfull is-layout-flex wp-container-core-columns-is-layout-9d6595d7 wp-block-columns-is-layout-flex\">\n<div class=\"wp-block-column is-layout-flow wp-block-column-is-layout-flow\" style=\"flex-basis:50%\">\n<figure class=\"wp-block-image size-large\"><img fetchpriority=\"high\" decoding=\"async\" width=\"1024\" height=\"1024\" src=\"http:\/\/strzelnicapostomino.pl\/wp-content\/uploads\/2025\/06\/POSTOMINO-8-1024x1024.png\" alt=\"\" class=\"wp-image-131\" srcset=\"https:\/\/strzelnicapostomino.pl\/wp-content\/uploads\/2025\/06\/POSTOMINO-8-1024x1024.png 1024w, https:\/\/strzelnicapostomino.pl\/wp-content\/uploads\/2025\/06\/POSTOMINO-8-300x300.png 300w, https:\/\/strzelnicapostomino.pl\/wp-content\/uploads\/2025\/06\/POSTOMINO-8-150x150.png 150w, https:\/\/strzelnicapostomino.pl\/wp-content\/uploads\/2025\/06\/POSTOMINO-8-768x768.png 768w, https:\/\/strzelnicapostomino.pl\/wp-content\/uploads\/2025\/06\/POSTOMINO-8-1536x1536.png 1536w, https:\/\/strzelnicapostomino.pl\/wp-content\/uploads\/2025\/06\/POSTOMINO-8.png 1563w\" sizes=\"(max-width: 1024px) 100vw, 1024px\" \/><\/figure>\n<\/div>\n\n\n\n<div class=\"wp-block-column is-vertically-aligned-center is-layout-flow wp-block-column-is-layout-flow\" style=\"padding-top:1em;padding-right:1em;padding-bottom:1em;padding-left:1em\">\n<div class=\"wp-block-columns is-layout-flex wp-container-core-columns-is-layout-9d6595d7 wp-block-columns-is-layout-flex\">\n<div class=\"wp-block-column is-layout-flow wp-block-column-is-layout-flow\" style=\"flex-basis:320px\">\n<p>Dzia\u0142amy przy Strzelnicy Postomino, gdzie organizujemy:<\/p>\n\n\n\n<ul class=\"wp-block-list\">\n<li>regularne treningi indywidualne i grupowe,<\/li>\n\n\n\n<li>zawody i turnieje w r\u00f3\u017cnych dyscyplinach strzeleckich,<\/li>\n\n\n\n<li>szkolenia z zakresu bezpiecznego pos\u0142ugiwania si\u0119 broni\u0105,<\/li>\n\n\n\n<li>spotkania integracyjne i edukacyjne,<\/li>\n\n\n\n<li>przygotowania do uzyskania patentu strzeleckiego oraz licencji zawodniczej i s\u0119dziowskiej.<\/li>\n<\/ul>\n\n\n\n<p><\/p>\n<\/div>\n<\/div>\n<\/div>\n<\/div>\n\n\n\n<p>Towarzystwo tworz\u0105 osoby, kt\u00f3re \u0142\u0105czy pasja, szacunek do tradycji i ch\u0119\u0107 rozwoju. <\/p>\n\n\n\n<p>Stawiamy na otwarto\u015b\u0107, profesjonalizm i sportowego ducha. Nasze drzwi s\u0105 otwarte zar\u00f3wno dla pocz\u0105tkuj\u0105cych, jak i do\u015bwiadczonych strzelc\u00f3w.<\/p>\n\n\n\n<p class=\"has-small-font-size\" style=\"line-height:1.6\">Miejsce dzia\u0142ania: Strzelnica Postomino<br>Kontakt:&nbsp;<a>info@strzelnicapostomino.pl<\/a><\/p>\n","protected":false},"excerpt":{"rendered":"<p>Towarzystwo Strzeleckie Postomino to aktywna spo\u0142eczno\u015b\u0107 mi\u0142o\u015bnik\u00f3w strzelectwa sportowego i rekreacyjnego. Naszym celem jest rozw\u00f3j kultury strzeleckiej, budowanie \u015bwiadomo\u015bci w [&hellip;]<\/p>\n","protected":false},"author":1,"featured_media":0,"parent":0,"menu_order":0,"comment_status":"closed","ping_status":"closed","template":"","meta":{"footnotes":""},"class_list":["post-46","page","type-page","status-publish","hentry"],"yoast_head":"<!-- This site is optimized with the Yoast SEO plugin v25.2 - https:\/\/yoast.com\/wordpress\/plugins\/seo\/ -->\n<title>Towarzystwo Strzeleckie Postomino - wordpressplugins<\/title>\n<meta name=\"robots\" content=\"index, follow, max-snippet:-1, max-image-preview:large, max-video-preview:-1\" \/>\n<link rel=\"canonical\" href=\"https:\/\/strzelnicapostomino.pl\/?page_id=46\" \/>\n<meta property=\"og:locale\" content=\"en_US\" \/>\n<meta property=\"og:type\" content=\"article\" \/>\n<meta property=\"og:title\" content=\"Towarzystwo Strzeleckie Postomino - wordpressplugins\" \/>\n<meta property=\"og:description\" content=\"Towarzystwo Strzeleckie Postomino to aktywna spo\u0142eczno\u015b\u0107 mi\u0142o\u015bnik\u00f3w strzelectwa sportowego i rekreacyjnego. Naszym celem jest rozw\u00f3j kultury strzeleckiej, budowanie \u015bwiadomo\u015bci w [&hellip;]\" \/>\n<meta property=\"og:url\" content=\"https:\/\/strzelnicapostomino.pl\/?page_id=46\" \/>\n<meta property=\"og:site_name\" content=\"wordpressplugins\" \/>\n<meta property=\"article:modified_time\" content=\"2025-06-04T15:48:08+00:00\" \/>\n<meta property=\"og:image\" content=\"http:\/\/strzelnicapostomino.pl\/wp-content\/uploads\/2025\/06\/POSTOMINO-8-1024x1024.png\" \/>\n<meta name=\"twitter:card\" content=\"summary_large_image\" \/>\n<meta name=\"twitter:label1\" content=\"Est. reading time\" \/>\n\t<meta name=\"twitter:data1\" content=\"1 minute\" \/>\n<script type=\"application\/ld+json\" class=\"yoast-schema-graph\">{\"@context\":\"https:\/\/schema.org\",\"@graph\":[{\"@type\":\"WebPage\",\"@id\":\"https:\/\/strzelnicapostomino.pl\/?page_id=46\",\"url\":\"https:\/\/strzelnicapostomino.pl\/?page_id=46\",\"name\":\"Towarzystwo Strzeleckie Postomino - wordpressplugins\",\"isPartOf\":{\"@id\":\"http:\/\/strzelnicapostomino.pl\/#website\"},\"primaryImageOfPage\":{\"@id\":\"https:\/\/strzelnicapostomino.pl\/?page_id=46#primaryimage\"},\"image\":{\"@id\":\"https:\/\/strzelnicapostomino.pl\/?page_id=46#primaryimage\"},\"thumbnailUrl\":\"http:\/\/strzelnicapostomino.pl\/wp-content\/uploads\/2025\/06\/POSTOMINO-8-1024x1024.png\",\"datePublished\":\"2025-06-02T17:33:14+00:00\",\"dateModified\":\"2025-06-04T15:48:08+00:00\",\"breadcrumb\":{\"@id\":\"https:\/\/strzelnicapostomino.pl\/?page_id=46#breadcrumb\"},\"inLanguage\":\"en-US\",\"potentialAction\":[{\"@type\":\"ReadAction\",\"target\":[\"https:\/\/strzelnicapostomino.pl\/?page_id=46\"]}]},{\"@type\":\"ImageObject\",\"inLanguage\":\"en-US\",\"@id\":\"https:\/\/strzelnicapostomino.pl\/?page_id=46#primaryimage\",\"url\":\"https:\/\/strzelnicapostomino.pl\/wp-content\/uploads\/2025\/06\/POSTOMINO-8.png\",\"contentUrl\":\"https:\/\/strzelnicapostomino.pl\/wp-content\/uploads\/2025\/06\/POSTOMINO-8.png\",\"width\":1563,\"height\":1563},{\"@type\":\"BreadcrumbList\",\"@id\":\"https:\/\/strzelnicapostomino.pl\/?page_id=46#breadcrumb\",\"itemListElement\":[{\"@type\":\"ListItem\",\"position\":1,\"name\":\"Home\",\"item\":\"http:\/\/strzelnicapostomino.pl\/\"},{\"@type\":\"ListItem\",\"position\":2,\"name\":\"Towarzystwo Strzeleckie Postomino\"}]},{\"@type\":\"WebSite\",\"@id\":\"http:\/\/strzelnicapostomino.pl\/#website\",\"url\":\"http:\/\/strzelnicapostomino.pl\/\",\"name\":\"wordpressplugins\",\"description\":\"\",\"publisher\":{\"@id\":\"http:\/\/strzelnicapostomino.pl\/#organization\"},\"potentialAction\":[{\"@type\":\"SearchAction\",\"target\":{\"@type\":\"EntryPoint\",\"urlTemplate\":\"http:\/\/strzelnicapostomino.pl\/?s={search_term_string}\"},\"query-input\":{\"@type\":\"PropertyValueSpecification\",\"valueRequired\":true,\"valueName\":\"search_term_string\"}}],\"inLanguage\":\"en-US\"},{\"@type\":\"Organization\",\"@id\":\"http:\/\/strzelnicapostomino.pl\/#organization\",\"name\":\"wordpressplugins\",\"url\":\"http:\/\/strzelnicapostomino.pl\/\",\"logo\":{\"@type\":\"ImageObject\",\"inLanguage\":\"en-US\",\"@id\":\"http:\/\/strzelnicapostomino.pl\/#\/schema\/logo\/image\/\",\"url\":\"https:\/\/strzelnicapostomino.pl\/wp-content\/uploads\/2025\/07\/cropped-Blue-Gold-Circle-Illustrative-Education-Logo-6.png\",\"contentUrl\":\"https:\/\/strzelnicapostomino.pl\/wp-content\/uploads\/2025\/07\/cropped-Blue-Gold-Circle-Illustrative-Education-Logo-6.png\",\"width\":1563,\"height\":1563,\"caption\":\"wordpressplugins\"},\"image\":{\"@id\":\"http:\/\/strzelnicapostomino.pl\/#\/schema\/logo\/image\/\"}}]}<\/script>\n<!-- \/ Yoast SEO plugin. -->","yoast_head_json":{"title":"Towarzystwo Strzeleckie Postomino - wordpressplugins","robots":{"index":"index","follow":"follow","max-snippet":"max-snippet:-1","max-image-preview":"max-image-preview:large","max-video-preview":"max-video-preview:-1"},"canonical":"https:\/\/strzelnicapostomino.pl\/?page_id=46","og_locale":"en_US","og_type":"article","og_title":"Towarzystwo Strzeleckie Postomino - wordpressplugins","og_description":"Towarzystwo Strzeleckie Postomino to aktywna spo\u0142eczno\u015b\u0107 mi\u0142o\u015bnik\u00f3w strzelectwa sportowego i rekreacyjnego. Naszym celem jest rozw\u00f3j kultury strzeleckiej, budowanie \u015bwiadomo\u015bci w [&hellip;]","og_url":"https:\/\/strzelnicapostomino.pl\/?page_id=46","og_site_name":"wordpressplugins","article_modified_time":"2025-06-04T15:48:08+00:00","og_image":[{"url":"http:\/\/strzelnicapostomino.pl\/wp-content\/uploads\/2025\/06\/POSTOMINO-8-1024x1024.png","type":"","width":"","height":""}],"twitter_card":"summary_large_image","twitter_misc":{"Est. reading time":"1 minute"},"schema":{"@context":"https:\/\/schema.org","@graph":[{"@type":"WebPage","@id":"https:\/\/strzelnicapostomino.pl\/?page_id=46","url":"https:\/\/strzelnicapostomino.pl\/?page_id=46","name":"Towarzystwo Strzeleckie Postomino - wordpressplugins","isPartOf":{"@id":"http:\/\/strzelnicapostomino.pl\/#website"},"primaryImageOfPage":{"@id":"https:\/\/strzelnicapostomino.pl\/?page_id=46#primaryimage"},"image":{"@id":"https:\/\/strzelnicapostomino.pl\/?page_id=46#primaryimage"},"thumbnailUrl":"http:\/\/strzelnicapostomino.pl\/wp-content\/uploads\/2025\/06\/POSTOMINO-8-1024x1024.png","datePublished":"2025-06-02T17:33:14+00:00","dateModified":"2025-06-04T15:48:08+00:00","breadcrumb":{"@id":"https:\/\/strzelnicapostomino.pl\/?page_id=46#breadcrumb"},"inLanguage":"en-US","potentialAction":[{"@type":"ReadAction","target":["https:\/\/strzelnicapostomino.pl\/?page_id=46"]}]},{"@type":"ImageObject","inLanguage":"en-US","@id":"https:\/\/strzelnicapostomino.pl\/?page_id=46#primaryimage","url":"https:\/\/strzelnicapostomino.pl\/wp-content\/uploads\/2025\/06\/POSTOMINO-8.png","contentUrl":"https:\/\/strzelnicapostomino.pl\/wp-content\/uploads\/2025\/06\/POSTOMINO-8.png","width":1563,"height":1563},{"@type":"BreadcrumbList","@id":"https:\/\/strzelnicapostomino.pl\/?page_id=46#breadcrumb","itemListElement":[{"@type":"ListItem","position":1,"name":"Home","item":"http:\/\/strzelnicapostomino.pl\/"},{"@type":"ListItem","position":2,"name":"Towarzystwo Strzeleckie Postomino"}]},{"@type":"WebSite","@id":"http:\/\/strzelnicapostomino.pl\/#website","url":"http:\/\/strzelnicapostomino.pl\/","name":"wordpressplugins","description":"","publisher":{"@id":"http:\/\/strzelnicapostomino.pl\/#organization"},"potentialAction":[{"@type":"SearchAction","target":{"@type":"EntryPoint","urlTemplate":"http:\/\/strzelnicapostomino.pl\/?s={search_term_string}"},"query-input":{"@type":"PropertyValueSpecification","valueRequired":true,"valueName":"search_term_string"}}],"inLanguage":"en-US"},{"@type":"Organization","@id":"http:\/\/strzelnicapostomino.pl\/#organization","name":"wordpressplugins","url":"http:\/\/strzelnicapostomino.pl\/","logo":{"@type":"ImageObject","inLanguage":"en-US","@id":"http:\/\/strzelnicapostomino.pl\/#\/schema\/logo\/image\/","url":"https:\/\/strzelnicapostomino.pl\/wp-content\/uploads\/2025\/07\/cropped-Blue-Gold-Circle-Illustrative-Education-Logo-6.png","contentUrl":"https:\/\/strzelnicapostomino.pl\/wp-content\/uploads\/2025\/07\/cropped-Blue-Gold-Circle-Illustrative-Education-Logo-6.png","width":1563,"height":1563,"caption":"wordpressplugins"},"image":{"@id":"http:\/\/strzelnicapostomino.pl\/#\/schema\/logo\/image\/"}}]}},"_links":{"self":[{"href":"https:\/\/strzelnicapostomino.pl\/index.php?rest_route=\/wp\/v2\/pages\/46","targetHints":{"allow":["GET"]}}],"collection":[{"href":"https:\/\/strzelnicapostomino.pl\/index.php?rest_route=\/wp\/v2\/pages"}],"about":[{"href":"https:\/\/strzelnicapostomino.pl\/index.php?rest_route=\/wp\/v2\/types\/page"}],"author":[{"embeddable":true,"href":"https:\/\/strzelnicapostomino.pl\/index.php?rest_route=\/wp\/v2\/users\/1"}],"replies":[{"embeddable":true,"href":"https:\/\/strzelnicapostomino.pl\/index.php?rest_route=%2Fwp%2Fv2%2Fcomments&post=46"}],"version-history":[{"count":3,"href":"https:\/\/strzelnicapostomino.pl\/index.php?rest_route=\/wp\/v2\/pages\/46\/revisions"}],"predecessor-version":[{"id":140,"href":"https:\/\/strzelnicapostomino.pl\/index.php?rest_route=\/wp\/v2\/pages\/46\/revisions\/140"}],"wp:attachment":[{"href":"https:\/\/strzelnicapostomino.pl\/index.php?rest_route=%2Fwp%2Fv2%2Fmedia&parent=46"}],"curies":[{"name":"wp","href":"https:\/\/api.w.org\/{rel}","templated":true}]}}