{"id":45,"date":"2025-06-02T19:33:14","date_gmt":"2025-06-02T17:33:14","guid":{"rendered":"http:\/\/strzelnicapostomino.pl\/?page_id=45"},"modified":"2025-08-24T21:44:36","modified_gmt":"2025-08-24T19:44:36","slug":"dolacz-do-nas","status":"publish","type":"page","link":"https:\/\/strzelnicapostomino.pl\/?page_id=45","title":{"rendered":"Do\u0142\u0105cz do Nas"},"content":{"rendered":"\n<p>Je\u015bli szukasz miejsca, w kt\u00f3rym mo\u017cesz rozwija\u0107 pasj\u0119 do strzelectwa, uczy\u0107 si\u0119 od do\u015bwiadczonych koleg\u00f3w, startowa\u0107 w zawodach i korzysta\u0107 z nowoczesnej infrastruktury \u2013 do\u0142\u0105cz do Towarzystwa Strzeleckiego Postomino.<\/p>\n\n\n\n<p>Cz\u0142onkostwo daje wiele korzy\u015bci:<\/p>\n\n\n\n<div class=\"wp-block-group is-nowrap is-layout-flex wp-container-core-group-is-layout-ad2f72ca wp-block-group-is-layout-flex\">\n<figure class=\"wp-block-image size-large\"><img fetchpriority=\"high\" decoding=\"async\" width=\"1024\" height=\"683\" src=\"http:\/\/strzelnicapostomino.pl\/wp-content\/uploads\/2025\/06\/IMG_2562-1-1024x683.jpg\" alt=\"\" class=\"wp-image-134\" srcset=\"https:\/\/strzelnicapostomino.pl\/wp-content\/uploads\/2025\/06\/IMG_2562-1-1024x683.jpg 1024w, https:\/\/strzelnicapostomino.pl\/wp-content\/uploads\/2025\/06\/IMG_2562-1-300x200.jpg 300w, https:\/\/strzelnicapostomino.pl\/wp-content\/uploads\/2025\/06\/IMG_2562-1-768x512.jpg 768w, https:\/\/strzelnicapostomino.pl\/wp-content\/uploads\/2025\/06\/IMG_2562-1-1536x1024.jpg 1536w, https:\/\/strzelnicapostomino.pl\/wp-content\/uploads\/2025\/06\/IMG_2562-1.jpg 2048w\" sizes=\"(max-width: 1024px) 100vw, 1024px\" \/><\/figure>\n\n\n\n<ul class=\"wp-block-list\">\n<li>udzia\u0142 w treningach i wydarzeniach strzeleckich,<\/li>\n\n\n\n<li>mo\u017cliwo\u015b\u0107 startu w zawodach lokalnych i og\u00f3lnopolskich,<\/li>\n\n\n\n<li>zni\u017cki na korzystanie ze strzelnicy,<\/li>\n\n\n\n<li>wsparcie w procesie uzyskiwania patentu i licencji, a tak\u017ce pozwolenia na bro\u0144<\/li>\n\n\n\n<li>realny wp\u0142yw na rozw\u00f3j naszego \u015brodowiska strzeleckiego.<\/li>\n<\/ul>\n<\/div>\n\n\n\n<p>Do\u0142\u0105czenie do Towarzystwa jest proste:<\/p>\n\n\n\n<ol class=\"wp-block-list\">\n<li>Pobierz i wype\u0142nij deklaracj\u0119 cz\u0142onkowsk\u0105 (plik do pobrania poni\u017cej).<\/li>\n\n\n\n<li>Przeka\u017c j\u0105 osobi\u015bcie na strzelnicy lub wy\u015blij skan na adres:&nbsp;<a href=\"mailto:info@strzelnicapostomino.pl\">info@strzelnicapostomino.pl<\/a><\/li>\n\n\n\n<li>Po otrzymaniu deklaracji przeka\u017cemy Ci informacje dotycz\u0105ce sk\u0142adki cz\u0142onkowskiej.<\/li>\n\n\n\n<li>Po akceptacji zostajesz pe\u0142noprawnym cz\u0142onkiem Towarzystwa.<\/li>\n<\/ol>\n\n\n\n<div data-wp-interactive=\"core\/file\" class=\"wp-block-file\"><object data-wp-bind--hidden=\"!state.hasPdfPreview\" hidden class=\"wp-block-file__embed\" data=\"http:\/\/strzelnicapostomino.pl\/wp-content\/uploads\/2025\/06\/Deklaracja-Czlonkowska-Postomino-Wzor.pdf\" type=\"application\/pdf\" style=\"width:100%;height:600px\" aria-label=\"Embed of Deklaracja Cz\u0142onkowska Postomino Wzor.\"><\/object><a id=\"wp-block-file--media-b8cb9532-38c0-4b1f-80b4-dea06adc9771\" href=\"http:\/\/strzelnicapostomino.pl\/wp-content\/uploads\/2025\/06\/Deklaracja-Czlonkowska-Postomino-Wzor.pdf\">Deklaracja Cz\u0142onkowska Postomino Wzor<\/a><a href=\"http:\/\/strzelnicapostomino.pl\/wp-content\/uploads\/2025\/06\/Deklaracja-Czlonkowska-Postomino-Wzor.pdf\" class=\"wp-block-file__button wp-element-button\" download aria-describedby=\"wp-block-file--media-b8cb9532-38c0-4b1f-80b4-dea06adc9771\">Pobierz<\/a><\/div>\n\n\n\n<h3 class=\"wp-block-heading\"><\/h3>\n\n\n\n<p>Masz pytania? Napisz do nas:&nbsp;<a>info@strzelnicapostomino.pl<\/a><br>Do zobaczenia na strzelnicy!<\/p>\n\n\n\n<p><\/p>\n","protected":false},"excerpt":{"rendered":"<p>Je\u015bli szukasz miejsca, w kt\u00f3rym mo\u017cesz rozwija\u0107 pasj\u0119 do strzelectwa, uczy\u0107 si\u0119 od do\u015bwiadczonych koleg\u00f3w, startowa\u0107 w zawodach i korzysta\u0107 [&hellip;]<\/p>\n","protected":false},"author":1,"featured_media":0,"parent":0,"menu_order":0,"comment_status":"closed","ping_status":"closed","template":"","meta":{"footnotes":""},"class_list":["post-45","page","type-page","status-publish","hentry"],"yoast_head":"<!-- This site is optimized with the Yoast SEO plugin v25.2 - https:\/\/yoast.com\/wordpress\/plugins\/seo\/ -->\n<title>Do\u0142\u0105cz do Nas - wordpressplugins<\/title>\n<meta name=\"robots\" content=\"index, follow, max-snippet:-1, max-image-preview:large, max-video-preview:-1\" \/>\n<link rel=\"canonical\" href=\"https:\/\/strzelnicapostomino.pl\/?page_id=45\" \/>\n<meta property=\"og:locale\" content=\"en_US\" \/>\n<meta property=\"og:type\" content=\"article\" \/>\n<meta property=\"og:title\" content=\"Do\u0142\u0105cz do Nas - wordpressplugins\" \/>\n<meta property=\"og:description\" content=\"Je\u015bli szukasz miejsca, w kt\u00f3rym mo\u017cesz rozwija\u0107 pasj\u0119 do strzelectwa, uczy\u0107 si\u0119 od do\u015bwiadczonych koleg\u00f3w, startowa\u0107 w zawodach i korzysta\u0107 [&hellip;]\" \/>\n<meta property=\"og:url\" content=\"https:\/\/strzelnicapostomino.pl\/?page_id=45\" \/>\n<meta property=\"og:site_name\" content=\"wordpressplugins\" \/>\n<meta property=\"article:modified_time\" content=\"2025-08-24T19:44:36+00:00\" \/>\n<meta property=\"og:image\" content=\"http:\/\/strzelnicapostomino.pl\/wp-content\/uploads\/2025\/06\/IMG_2562-1-1024x683.jpg\" \/>\n<meta name=\"twitter:card\" content=\"summary_large_image\" \/>\n<meta name=\"twitter:label1\" content=\"Est. reading time\" \/>\n\t<meta name=\"twitter:data1\" content=\"1 minute\" \/>\n<script type=\"application\/ld+json\" class=\"yoast-schema-graph\">{\"@context\":\"https:\/\/schema.org\",\"@graph\":[{\"@type\":\"WebPage\",\"@id\":\"https:\/\/strzelnicapostomino.pl\/?page_id=45\",\"url\":\"https:\/\/strzelnicapostomino.pl\/?page_id=45\",\"name\":\"Do\u0142\u0105cz do Nas - wordpressplugins\",\"isPartOf\":{\"@id\":\"http:\/\/strzelnicapostomino.pl\/#website\"},\"primaryImageOfPage\":{\"@id\":\"https:\/\/strzelnicapostomino.pl\/?page_id=45#primaryimage\"},\"image\":{\"@id\":\"https:\/\/strzelnicapostomino.pl\/?page_id=45#primaryimage\"},\"thumbnailUrl\":\"http:\/\/strzelnicapostomino.pl\/wp-content\/uploads\/2025\/06\/IMG_2562-1-1024x683.jpg\",\"datePublished\":\"2025-06-02T17:33:14+00:00\",\"dateModified\":\"2025-08-24T19:44:36+00:00\",\"breadcrumb\":{\"@id\":\"https:\/\/strzelnicapostomino.pl\/?page_id=45#breadcrumb\"},\"inLanguage\":\"en-US\",\"potentialAction\":[{\"@type\":\"ReadAction\",\"target\":[\"https:\/\/strzelnicapostomino.pl\/?page_id=45\"]}]},{\"@type\":\"ImageObject\",\"inLanguage\":\"en-US\",\"@id\":\"https:\/\/strzelnicapostomino.pl\/?page_id=45#primaryimage\",\"url\":\"https:\/\/strzelnicapostomino.pl\/wp-content\/uploads\/2025\/06\/IMG_2562-1.jpg\",\"contentUrl\":\"https:\/\/strzelnicapostomino.pl\/wp-content\/uploads\/2025\/06\/IMG_2562-1.jpg\",\"width\":2048,\"height\":1365},{\"@type\":\"BreadcrumbList\",\"@id\":\"https:\/\/strzelnicapostomino.pl\/?page_id=45#breadcrumb\",\"itemListElement\":[{\"@type\":\"ListItem\",\"position\":1,\"name\":\"Home\",\"item\":\"http:\/\/strzelnicapostomino.pl\/\"},{\"@type\":\"ListItem\",\"position\":2,\"name\":\"Do\u0142\u0105cz do Nas\"}]},{\"@type\":\"WebSite\",\"@id\":\"http:\/\/strzelnicapostomino.pl\/#website\",\"url\":\"http:\/\/strzelnicapostomino.pl\/\",\"name\":\"wordpressplugins\",\"description\":\"\",\"publisher\":{\"@id\":\"http:\/\/strzelnicapostomino.pl\/#organization\"},\"potentialAction\":[{\"@type\":\"SearchAction\",\"target\":{\"@type\":\"EntryPoint\",\"urlTemplate\":\"http:\/\/strzelnicapostomino.pl\/?s={search_term_string}\"},\"query-input\":{\"@type\":\"PropertyValueSpecification\",\"valueRequired\":true,\"valueName\":\"search_term_string\"}}],\"inLanguage\":\"en-US\"},{\"@type\":\"Organization\",\"@id\":\"http:\/\/strzelnicapostomino.pl\/#organization\",\"name\":\"wordpressplugins\",\"url\":\"http:\/\/strzelnicapostomino.pl\/\",\"logo\":{\"@type\":\"ImageObject\",\"inLanguage\":\"en-US\",\"@id\":\"http:\/\/strzelnicapostomino.pl\/#\/schema\/logo\/image\/\",\"url\":\"https:\/\/strzelnicapostomino.pl\/wp-content\/uploads\/2025\/07\/cropped-Blue-Gold-Circle-Illustrative-Education-Logo-6.png\",\"contentUrl\":\"https:\/\/strzelnicapostomino.pl\/wp-content\/uploads\/2025\/07\/cropped-Blue-Gold-Circle-Illustrative-Education-Logo-6.png\",\"width\":1563,\"height\":1563,\"caption\":\"wordpressplugins\"},\"image\":{\"@id\":\"http:\/\/strzelnicapostomino.pl\/#\/schema\/logo\/image\/\"}}]}<\/script>\n<!-- \/ Yoast SEO plugin. -->","yoast_head_json":{"title":"Do\u0142\u0105cz do Nas - wordpressplugins","robots":{"index":"index","follow":"follow","max-snippet":"max-snippet:-1","max-image-preview":"max-image-preview:large","max-video-preview":"max-video-preview:-1"},"canonical":"https:\/\/strzelnicapostomino.pl\/?page_id=45","og_locale":"en_US","og_type":"article","og_title":"Do\u0142\u0105cz do Nas - wordpressplugins","og_description":"Je\u015bli szukasz miejsca, w kt\u00f3rym mo\u017cesz rozwija\u0107 pasj\u0119 do strzelectwa, uczy\u0107 si\u0119 od do\u015bwiadczonych koleg\u00f3w, startowa\u0107 w zawodach i korzysta\u0107 [&hellip;]","og_url":"https:\/\/strzelnicapostomino.pl\/?page_id=45","og_site_name":"wordpressplugins","article_modified_time":"2025-08-24T19:44:36+00:00","og_image":[{"url":"http:\/\/strzelnicapostomino.pl\/wp-content\/uploads\/2025\/06\/IMG_2562-1-1024x683.jpg","type":"","width":"","height":""}],"twitter_card":"summary_large_image","twitter_misc":{"Est. reading time":"1 minute"},"schema":{"@context":"https:\/\/schema.org","@graph":[{"@type":"WebPage","@id":"https:\/\/strzelnicapostomino.pl\/?page_id=45","url":"https:\/\/strzelnicapostomino.pl\/?page_id=45","name":"Do\u0142\u0105cz do Nas - wordpressplugins","isPartOf":{"@id":"http:\/\/strzelnicapostomino.pl\/#website"},"primaryImageOfPage":{"@id":"https:\/\/strzelnicapostomino.pl\/?page_id=45#primaryimage"},"image":{"@id":"https:\/\/strzelnicapostomino.pl\/?page_id=45#primaryimage"},"thumbnailUrl":"http:\/\/strzelnicapostomino.pl\/wp-content\/uploads\/2025\/06\/IMG_2562-1-1024x683.jpg","datePublished":"2025-06-02T17:33:14+00:00","dateModified":"2025-08-24T19:44:36+00:00","breadcrumb":{"@id":"https:\/\/strzelnicapostomino.pl\/?page_id=45#breadcrumb"},"inLanguage":"en-US","potentialAction":[{"@type":"ReadAction","target":["https:\/\/strzelnicapostomino.pl\/?page_id=45"]}]},{"@type":"ImageObject","inLanguage":"en-US","@id":"https:\/\/strzelnicapostomino.pl\/?page_id=45#primaryimage","url":"https:\/\/strzelnicapostomino.pl\/wp-content\/uploads\/2025\/06\/IMG_2562-1.jpg","contentUrl":"https:\/\/strzelnicapostomino.pl\/wp-content\/uploads\/2025\/06\/IMG_2562-1.jpg","width":2048,"height":1365},{"@type":"BreadcrumbList","@id":"https:\/\/strzelnicapostomino.pl\/?page_id=45#breadcrumb","itemListElement":[{"@type":"ListItem","position":1,"name":"Home","item":"http:\/\/strzelnicapostomino.pl\/"},{"@type":"ListItem","position":2,"name":"Do\u0142\u0105cz do Nas"}]},{"@type":"WebSite","@id":"http:\/\/strzelnicapostomino.pl\/#website","url":"http:\/\/strzelnicapostomino.pl\/","name":"wordpressplugins","description":"","publisher":{"@id":"http:\/\/strzelnicapostomino.pl\/#organization"},"potentialAction":[{"@type":"SearchAction","target":{"@type":"EntryPoint","urlTemplate":"http:\/\/strzelnicapostomino.pl\/?s={search_term_string}"},"query-input":{"@type":"PropertyValueSpecification","valueRequired":true,"valueName":"search_term_string"}}],"inLanguage":"en-US"},{"@type":"Organization","@id":"http:\/\/strzelnicapostomino.pl\/#organization","name":"wordpressplugins","url":"http:\/\/strzelnicapostomino.pl\/","logo":{"@type":"ImageObject","inLanguage":"en-US","@id":"http:\/\/strzelnicapostomino.pl\/#\/schema\/logo\/image\/","url":"https:\/\/strzelnicapostomino.pl\/wp-content\/uploads\/2025\/07\/cropped-Blue-Gold-Circle-Illustrative-Education-Logo-6.png","contentUrl":"https:\/\/strzelnicapostomino.pl\/wp-content\/uploads\/2025\/07\/cropped-Blue-Gold-Circle-Illustrative-Education-Logo-6.png","width":1563,"height":1563,"caption":"wordpressplugins"},"image":{"@id":"http:\/\/strzelnicapostomino.pl\/#\/schema\/logo\/image\/"}}]}},"_links":{"self":[{"href":"https:\/\/strzelnicapostomino.pl\/index.php?rest_route=\/wp\/v2\/pages\/45","targetHints":{"allow":["GET"]}}],"collection":[{"href":"https:\/\/strzelnicapostomino.pl\/index.php?rest_route=\/wp\/v2\/pages"}],"about":[{"href":"https:\/\/strzelnicapostomino.pl\/index.php?rest_route=\/wp\/v2\/types\/page"}],"author":[{"embeddable":true,"href":"https:\/\/strzelnicapostomino.pl\/index.php?rest_route=\/wp\/v2\/users\/1"}],"replies":[{"embeddable":true,"href":"https:\/\/strzelnicapostomino.pl\/index.php?rest_route=%2Fwp%2Fv2%2Fcomments&post=45"}],"version-history":[{"count":5,"href":"https:\/\/strzelnicapostomino.pl\/index.php?rest_route=\/wp\/v2\/pages\/45\/revisions"}],"predecessor-version":[{"id":377,"href":"https:\/\/strzelnicapostomino.pl\/index.php?rest_route=\/wp\/v2\/pages\/45\/revisions\/377"}],"wp:attachment":[{"href":"https:\/\/strzelnicapostomino.pl\/index.php?rest_route=%2Fwp%2Fv2%2Fmedia&parent=45"}],"curies":[{"name":"wp","href":"https:\/\/api.w.org\/{rel}","templated":true}]}}