{"id":42,"date":"2025-06-02T19:33:14","date_gmt":"2025-06-02T17:33:14","guid":{"rendered":"http:\/\/strzelnicapostomino.pl\/?page_id=42"},"modified":"2025-07-23T22:24:06","modified_gmt":"2025-07-23T20:24:06","slug":"plan-strzelnicy","status":"publish","type":"page","link":"https:\/\/strzelnicapostomino.pl\/?page_id=42","title":{"rendered":"Plan Strzelnicy"},"content":{"rendered":"\n<p><\/p>\n\n\n\n<p><strong>Nowoczesna infrastruktura \u2013 przestrze\u0144 dla pasji, treningu i integracji<\/strong><\/p>\n\n\n\n<p>Strzelnica Postomino to kompleksowo zaprojektowany obiekt strzelecki, kt\u00f3ry \u0142\u0105czy funkcjonalno\u015b\u0107, bezpiecze\u0144stwo i komfort. Oferujemy idealne warunki zar\u00f3wno do trening\u00f3w indywidualnych, jak i organizacji wydarze\u0144 grupowych, szkole\u0144 oraz zawod\u00f3w.<\/p>\n\n\n\n<p><strong>O\u015b strzelecka 25 metr\u00f3w<\/strong><br>Dysponujemy jedn\u0105 osi\u0105 o d\u0142ugo\u015bci 25 metr\u00f3w, wyposa\u017con\u0105 w 10 pe\u0142nowymiarowych stanowisk. To idealna przestrze\u0144 do nauki podstaw strzelania, treningu z broni\u0105 kr\u00f3tk\u0105 oraz realizacji zaj\u0119\u0107 dynamicznych.<\/p>\n\n\n\n<p><strong>Dwie osie strzeleckie 100 metr\u00f3w<\/strong><br>Do dyspozycji naszych go\u015bci oddajemy tak\u017ce dwie profesjonalne osie o d\u0142ugo\u015bci 100 metr\u00f3w, z sze\u015bcioma stanowiskami ka\u017cda \u2013 \u0142\u0105cznie 12 stanowisk. To doskona\u0142e miejsce do strzela\u0144 precyzyjnych z broni d\u0142ugiej, \u0107wicze\u0144 my\u015bliwskich czy zawod\u00f3w strzeleckich.<\/p>\n\n\n\n<p>Wszystkie stanowiska s\u0105 odpowiednio zabezpieczone i dostosowane do aktualnych wymaga\u0144 technicznych. Obiekt spe\u0142nia najwy\u017csze standardy bezpiecze\u0144stwa, a ka\u017cde zaj\u0119cia prowadzone s\u0105 pod okiem wykwalifikowanej kadry instruktorskiej.<\/p>\n\n\n\n<p><strong>Strzelnica Postomino \u2013 tu celno\u015b\u0107 \u0142\u0105czy si\u0119 z pasj\u0105.<\/strong><\/p>\n","protected":false},"excerpt":{"rendered":"<p>Nowoczesna infrastruktura \u2013 przestrze\u0144 dla pasji, treningu i integracji Strzelnica Postomino to kompleksowo zaprojektowany obiekt strzelecki, kt\u00f3ry \u0142\u0105czy funkcjonalno\u015b\u0107, bezpiecze\u0144stwo [&hellip;]<\/p>\n","protected":false},"author":1,"featured_media":0,"parent":0,"menu_order":0,"comment_status":"closed","ping_status":"closed","template":"","meta":{"footnotes":""},"class_list":["post-42","page","type-page","status-publish","hentry"],"yoast_head":"<!-- This site is optimized with the Yoast SEO plugin v25.2 - https:\/\/yoast.com\/wordpress\/plugins\/seo\/ -->\n<title>Plan Strzelnicy - wordpressplugins<\/title>\n<meta name=\"robots\" content=\"index, follow, max-snippet:-1, max-image-preview:large, max-video-preview:-1\" \/>\n<link rel=\"canonical\" href=\"https:\/\/strzelnicapostomino.pl\/?page_id=42\" \/>\n<meta property=\"og:locale\" content=\"en_US\" \/>\n<meta property=\"og:type\" content=\"article\" \/>\n<meta property=\"og:title\" content=\"Plan Strzelnicy - wordpressplugins\" \/>\n<meta property=\"og:description\" content=\"Nowoczesna infrastruktura \u2013 przestrze\u0144 dla pasji, treningu i integracji Strzelnica Postomino to kompleksowo zaprojektowany obiekt strzelecki, kt\u00f3ry \u0142\u0105czy funkcjonalno\u015b\u0107, bezpiecze\u0144stwo [&hellip;]\" \/>\n<meta property=\"og:url\" content=\"https:\/\/strzelnicapostomino.pl\/?page_id=42\" \/>\n<meta property=\"og:site_name\" content=\"wordpressplugins\" \/>\n<meta property=\"article:modified_time\" content=\"2025-07-23T20:24:06+00:00\" \/>\n<meta name=\"twitter:card\" content=\"summary_large_image\" \/>\n<meta name=\"twitter:label1\" content=\"Est. reading time\" \/>\n\t<meta name=\"twitter:data1\" content=\"1 minute\" \/>\n<script type=\"application\/ld+json\" class=\"yoast-schema-graph\">{\"@context\":\"https:\/\/schema.org\",\"@graph\":[{\"@type\":\"WebPage\",\"@id\":\"https:\/\/strzelnicapostomino.pl\/?page_id=42\",\"url\":\"https:\/\/strzelnicapostomino.pl\/?page_id=42\",\"name\":\"Plan Strzelnicy - wordpressplugins\",\"isPartOf\":{\"@id\":\"http:\/\/strzelnicapostomino.pl\/#website\"},\"datePublished\":\"2025-06-02T17:33:14+00:00\",\"dateModified\":\"2025-07-23T20:24:06+00:00\",\"breadcrumb\":{\"@id\":\"https:\/\/strzelnicapostomino.pl\/?page_id=42#breadcrumb\"},\"inLanguage\":\"en-US\",\"potentialAction\":[{\"@type\":\"ReadAction\",\"target\":[\"https:\/\/strzelnicapostomino.pl\/?page_id=42\"]}]},{\"@type\":\"BreadcrumbList\",\"@id\":\"https:\/\/strzelnicapostomino.pl\/?page_id=42#breadcrumb\",\"itemListElement\":[{\"@type\":\"ListItem\",\"position\":1,\"name\":\"Home\",\"item\":\"http:\/\/strzelnicapostomino.pl\/\"},{\"@type\":\"ListItem\",\"position\":2,\"name\":\"Plan Strzelnicy\"}]},{\"@type\":\"WebSite\",\"@id\":\"http:\/\/strzelnicapostomino.pl\/#website\",\"url\":\"http:\/\/strzelnicapostomino.pl\/\",\"name\":\"wordpressplugins\",\"description\":\"\",\"publisher\":{\"@id\":\"http:\/\/strzelnicapostomino.pl\/#organization\"},\"potentialAction\":[{\"@type\":\"SearchAction\",\"target\":{\"@type\":\"EntryPoint\",\"urlTemplate\":\"http:\/\/strzelnicapostomino.pl\/?s={search_term_string}\"},\"query-input\":{\"@type\":\"PropertyValueSpecification\",\"valueRequired\":true,\"valueName\":\"search_term_string\"}}],\"inLanguage\":\"en-US\"},{\"@type\":\"Organization\",\"@id\":\"http:\/\/strzelnicapostomino.pl\/#organization\",\"name\":\"wordpressplugins\",\"url\":\"http:\/\/strzelnicapostomino.pl\/\",\"logo\":{\"@type\":\"ImageObject\",\"inLanguage\":\"en-US\",\"@id\":\"http:\/\/strzelnicapostomino.pl\/#\/schema\/logo\/image\/\",\"url\":\"https:\/\/strzelnicapostomino.pl\/wp-content\/uploads\/2025\/07\/cropped-Blue-Gold-Circle-Illustrative-Education-Logo-6.png\",\"contentUrl\":\"https:\/\/strzelnicapostomino.pl\/wp-content\/uploads\/2025\/07\/cropped-Blue-Gold-Circle-Illustrative-Education-Logo-6.png\",\"width\":1563,\"height\":1563,\"caption\":\"wordpressplugins\"},\"image\":{\"@id\":\"http:\/\/strzelnicapostomino.pl\/#\/schema\/logo\/image\/\"}}]}<\/script>\n<!-- \/ Yoast SEO plugin. -->","yoast_head_json":{"title":"Plan Strzelnicy - wordpressplugins","robots":{"index":"index","follow":"follow","max-snippet":"max-snippet:-1","max-image-preview":"max-image-preview:large","max-video-preview":"max-video-preview:-1"},"canonical":"https:\/\/strzelnicapostomino.pl\/?page_id=42","og_locale":"en_US","og_type":"article","og_title":"Plan Strzelnicy - wordpressplugins","og_description":"Nowoczesna infrastruktura \u2013 przestrze\u0144 dla pasji, treningu i integracji Strzelnica Postomino to kompleksowo zaprojektowany obiekt strzelecki, kt\u00f3ry \u0142\u0105czy funkcjonalno\u015b\u0107, bezpiecze\u0144stwo [&hellip;]","og_url":"https:\/\/strzelnicapostomino.pl\/?page_id=42","og_site_name":"wordpressplugins","article_modified_time":"2025-07-23T20:24:06+00:00","twitter_card":"summary_large_image","twitter_misc":{"Est. reading time":"1 minute"},"schema":{"@context":"https:\/\/schema.org","@graph":[{"@type":"WebPage","@id":"https:\/\/strzelnicapostomino.pl\/?page_id=42","url":"https:\/\/strzelnicapostomino.pl\/?page_id=42","name":"Plan Strzelnicy - wordpressplugins","isPartOf":{"@id":"http:\/\/strzelnicapostomino.pl\/#website"},"datePublished":"2025-06-02T17:33:14+00:00","dateModified":"2025-07-23T20:24:06+00:00","breadcrumb":{"@id":"https:\/\/strzelnicapostomino.pl\/?page_id=42#breadcrumb"},"inLanguage":"en-US","potentialAction":[{"@type":"ReadAction","target":["https:\/\/strzelnicapostomino.pl\/?page_id=42"]}]},{"@type":"BreadcrumbList","@id":"https:\/\/strzelnicapostomino.pl\/?page_id=42#breadcrumb","itemListElement":[{"@type":"ListItem","position":1,"name":"Home","item":"http:\/\/strzelnicapostomino.pl\/"},{"@type":"ListItem","position":2,"name":"Plan Strzelnicy"}]},{"@type":"WebSite","@id":"http:\/\/strzelnicapostomino.pl\/#website","url":"http:\/\/strzelnicapostomino.pl\/","name":"wordpressplugins","description":"","publisher":{"@id":"http:\/\/strzelnicapostomino.pl\/#organization"},"potentialAction":[{"@type":"SearchAction","target":{"@type":"EntryPoint","urlTemplate":"http:\/\/strzelnicapostomino.pl\/?s={search_term_string}"},"query-input":{"@type":"PropertyValueSpecification","valueRequired":true,"valueName":"search_term_string"}}],"inLanguage":"en-US"},{"@type":"Organization","@id":"http:\/\/strzelnicapostomino.pl\/#organization","name":"wordpressplugins","url":"http:\/\/strzelnicapostomino.pl\/","logo":{"@type":"ImageObject","inLanguage":"en-US","@id":"http:\/\/strzelnicapostomino.pl\/#\/schema\/logo\/image\/","url":"https:\/\/strzelnicapostomino.pl\/wp-content\/uploads\/2025\/07\/cropped-Blue-Gold-Circle-Illustrative-Education-Logo-6.png","contentUrl":"https:\/\/strzelnicapostomino.pl\/wp-content\/uploads\/2025\/07\/cropped-Blue-Gold-Circle-Illustrative-Education-Logo-6.png","width":1563,"height":1563,"caption":"wordpressplugins"},"image":{"@id":"http:\/\/strzelnicapostomino.pl\/#\/schema\/logo\/image\/"}}]}},"_links":{"self":[{"href":"https:\/\/strzelnicapostomino.pl\/index.php?rest_route=\/wp\/v2\/pages\/42","targetHints":{"allow":["GET"]}}],"collection":[{"href":"https:\/\/strzelnicapostomino.pl\/index.php?rest_route=\/wp\/v2\/pages"}],"about":[{"href":"https:\/\/strzelnicapostomino.pl\/index.php?rest_route=\/wp\/v2\/types\/page"}],"author":[{"embeddable":true,"href":"https:\/\/strzelnicapostomino.pl\/index.php?rest_route=\/wp\/v2\/users\/1"}],"replies":[{"embeddable":true,"href":"https:\/\/strzelnicapostomino.pl\/index.php?rest_route=%2Fwp%2Fv2%2Fcomments&post=42"}],"version-history":[{"count":4,"href":"https:\/\/strzelnicapostomino.pl\/index.php?rest_route=\/wp\/v2\/pages\/42\/revisions"}],"predecessor-version":[{"id":327,"href":"https:\/\/strzelnicapostomino.pl\/index.php?rest_route=\/wp\/v2\/pages\/42\/revisions\/327"}],"wp:attachment":[{"href":"https:\/\/strzelnicapostomino.pl\/index.php?rest_route=%2Fwp%2Fv2%2Fmedia&parent=42"}],"curies":[{"name":"wp","href":"https:\/\/api.w.org\/{rel}","templated":true}]}}